 x be n(3). Let q(g) = -8 - 4*g + 7*g + 0*g**2 + 0*g**x + g**2. What is the tens digit of q(-6)?
1
Suppose -b - 2*v = -3*v - 27, -v = -3*b + 91. What is the tens digit of b?
3
What is the units digit of (-1 - 26)*10/(-30)?
9
Let v be 0/(-2) - (3 + -5). Suppose v = 2*z - 2*c, 0 = 4*z - 2*c - 0*c - 10. Suppose -5*y - 48 = -4*j, 36 = z*j - 2*y - 0*y. What is the units digit of j?
7
Let a = 3 + 7. Let b(y) = -y**2 + 12*y - 15. Let g be b(a). Suppose -2*t - 30 = -6*t + 2*q, -2*t = -3*q - g. What is the units digit of t?
0
Let s = 6 - 4. Suppose 0*x + 4*x = -4*r - 48, 74 = -5*r + s*x. What is the units digit of r/(-4) + 5/(-10)?
3
Suppose -r + 2*g + 7 = 0, -3*r + g - 2*g = -14. Let m(z) = -z + 11. What is the units digit of m(r)?
6
Let s = 8 + -13. Let z(n) = -n**2 + n + 3. Let v(c) = c**2 - c - 3. Let m(j) = s*z(j) - 6*v(j). What is the units digit of m(0)?
3
What is the units digit of 128/(2 - -2) + 1?
3
Let j be -10*1*(-132)/24. Suppose 3*p - 2*p + 5*a = j, 4*p - 125 = -a. What is the units digit of p?
0
Suppose -c + 35 = 4*c. Suppose -2*n = -3*k - 4, 2*n + 3*k = -c + 35. Let s = -7 + n. What is the units digit of s?
1
Let c = 4 + -1. Suppose 3 = o + 2*k - 6, -5*o = c*k - 24. Suppose -20 = -2*y - 4*l, 4*y + 1 = 3*l - o. What is the units digit of y?
2
Suppose 0 = -2*x - 6 - 0, 0 = -2*n - 3*x + 7. Let w be 6/18 + 5/3. Let y = w + n. What is the tens digit of y?
1
Suppose -2*u + 22 = -u. What is the units digit of u?
2
What is the units digit of (18/(-3))/(3/(-2))?
4
Let k = 66 - 35. What is the tens digit of k?
3
Let w(h) = -3*h + 206. What is the hundreds digit of w(0)?
2
Suppose -124 = d - 5*d. What is the tens digit of d?
3
Let h = 57 + -21. What is the tens digit of h?
3
Suppose 4*k = -4 - 20. Let s be 5/(-25) - 2/(-10) - -9. Let i = s + k. What is the units digit of i?
3
Suppose -f - 227 = -6*f - 2*v, 4*f - 184 = -4*v. What is the tens digit of f?
4
Suppose -c - 4*u = -23, -u = -2*c - 0 + 1. Let j(h) = -2*h**3 - 2*h**2 - 3*h + 1. Let i be j(-2). Suppose 2*o - i = -c*o. What is the units digit of o?
3
Let h(x) be the first derivative of -x**3/3 + 9*x**2/2 + 3*x - 1. Let u be h(7). Suppose 4*j - 2*s = 3*s + 65, -u = -j + 2*s. What is the units digit of j?
5
Suppose 3*x + 5*t - 178 = 0, -3*x + 2*t - t + 202 = 0. What is the tens digit of x?
6
Let f(c) be the second derivative of -3*c - 1/12*c**4 + 1/6*c**3 + 0 + 7/2*c**2 - 1/20*c**5. What is the units digit of f(0)?
7
Let k = -18 - -53. What is the tens digit of k?
3
Let c = 11 - -5. What is the units digit of c?
6
Let b be (-42)/(-11) + 2/11. Let g be b/8*(3 + 1). Suppose -l + 4*q + g = 0, -2*q - 2*q - 4 = -2*l. What is the units digit of l?
2
Let c(t) = -11*t + 8. What is the units digit of c(-2)?
0
Let n(t) = -t + 10. Let m be n(8). Suppose -2*k = -k - m. Suppose 3*f + k*y - 9 = 7, 2*f + 4*y = 0. What is the units digit of f?
8
Suppose 0 = 3*y + 3*y + 78. Suppose 3*x + 18 = 2*x. Let n = y - x. What is the units digit of n?
5
Let k be (-15)/(-6)*8/10. Suppose -17 = -3*t - 4*x - 3, -4*t = -k*x - 4. What is the units digit of t?
2
Suppose r = 1 + 4. Suppose -8 = 2*y - r*p, -p - 3 = -5. What is the units digit of y?
1
Let o = 11 - 7. Suppose -35 = -o*q + 25. What is the units digit of (-24)/(-15)*q/6?
4
Suppose -122 = 5*p - 1642. What is the tens digit of p?
0
Let w be -1 + -3 - (-10)/2. Suppose -4*s - 2 = -18. Suppose s*f = 23 + w. What is the units digit of f?
6
Let l be (-2)/9 + 158/(-18). Suppose -2*y = 10 - 2, w - 5*y = 25. What is the tens digit of w*6/l*-3?
1
Suppose -2*z = -m + 4, 2*z + m + 7 = 3. Let x be ((-25)/(-10))/((-1)/z). Suppose -x*p = 2 - 32. What is the units digit of p?
6
Let c(v) = v**2 - 7*v - 9. What is the units digit of c(9)?
9
Let i(y) = -7*y**2 + 13*y - 1. Let k(c) = -20*c**2 + 38*c - 4. Let r(o) = -17*i(o) + 6*k(o). Let a(d) = -d + 10. Let n be a(5). What is the units digit of r(n)?
3
Let q(v) = 4*v. Let j be q(1). Suppose j*g + f = 4*f + 11, -8 = -2*g + 4*f. Suppose -3*x = 5*b - 13, -g*b + 4*b + 5*x = -10. What is the units digit of b?
5
Let p(o) = -6*o + 4. Let k be p(-6). Let y = -28 + k. What is the tens digit of y?
1
Let v(k) = k**2 + 3*k + k**3 + 1 + 0*k - 4*k**2. Let t be v(3). Let s = 15 - t. What is the units digit of s?
5
Suppose -a - a = 0. Let m = 7 - a. What is the units digit of m?
7
Suppose s + 4 = -g, g = -4*s - 7 - 6. What is the units digit of ((-10)/15)/(g/9)?
6
Let j = -12 + 11. Let z(q) be the third derivative of -q**4/3 + q**2. What is the units digit of z(j)?
8
Suppose -2*c - 33 = -3*c. What is the tens digit of c?
3
Suppose q - 14 = -32. Let h = q - -28. What is the tens digit of h?
1
Let y be 1/(-2) + (-6)/4. What is the units digit of (-188)/(-16) + y/(-8)?
2
Suppose 4*y + 112 = 4*d, 5*d + 5*y - 95 = 45. What is the units digit of d?
8
What is the tens digit of (0 - -1)*(-6 - (-129)/1)?
2
Let d(h) = -16*h**2 - 1. Let k be d(-1). Let x = k + 29. What is the tens digit of x?
1
Let x be (2 + (-1 - 0))*-3. Let h be x*(-2)/6*5. Suppose -24 + 4 = -h*a. What is the units digit of a?
4
Suppose 2*o - 6 + 4 = -b, -4*b - 4*o + 12 = 0. Suppose -4*y = 3*k - b*k + 5, -4*k + 20 = 5*y. Suppose -k = -2*f + 5. What is the units digit of f?
5
Suppose -1 = -y + 2. Suppose y*h = -3*s + 2*s + 1, -2*s + h = -9. What is the units digit of s?
4
Let j be (14/35)/((-1)/(-5)). Suppose -2*t + 0*t + 24 = -j*r, -32 = -3*t + r. What is the units digit of t?
0
Let t be (60/(-18))/(2/(-9)). Suppose 4*y + y = t. What is the units digit of y?
3
Suppose -3*s - 16 = -4*p, -12 = -p - 2*p + 2*s. Let q be (5/p)/((-1)/(-8)). Suppose 55 = 5*d - q. What is the tens digit of d?
1
Let p = 54 + 13. What is the tens digit of p?
6
Let x = 12 + -12. Suppose 2*j - 30 = -2*k, 5*j - 3*k = -x*j + 51. What is the units digit of j?
2
Suppose 10 = -2*w, -5*n + 185 = -0*n + 2*w. What is the units digit of n?
9
What is the tens digit of (-4 + 6)/1 + -2 - -177?
7
Let l(t) = -t**2 + 25*t + 47. What is the units digit of l(24)?
1
Suppose -7*l + 349 = -106. What is the tens digit of l?
6
What is the tens digit of 2/(1/(-16)*-1)?
3
Let k = -12 - -17. Let g = k + -3. Let d = g + -1. What is the units digit of d?
1
Let s = 13 + -19. What is the units digit of (-8)/s*(-14 - -50)?
8
Let l be (-1 - 1)/(24/(-60)). Suppose l*z = x + 4, 3*x = -5*z + 4*z + 52. What is the tens digit of x?
1
Suppose -2 = 3*s - 8. Suppose -5*p = 5*y - 75, -s*y + 5*y + 35 = 2*p. What is the tens digit of p?
1
Suppose 11 = 2*z - 21. Let b = z - -14. What is the tens digit of b?
3
Let t(a) = -5*a - 11. What is the tens digit of t(-11)?
4
Let l be (3 - 0)*(-4)/(-6). Suppose 2 = l*i + 2*f, -2*i - f - 4 + 5 = 0. Suppose -2*j = -i*j - 4. What is the units digit of j?
2
Let s(x) = x**2 - 4*x - 13. Let z be s(6). What is the units digit of 30/z*12/(-9)?
0
Suppose 0 = 2*u + 1 + 3. Let p be (54 - 1) + 2 + u. Suppose -5*b + 4*a = 5*a - p, -4*b - 3*a + 38 = 0. What is the units digit of b?
1
Let l(r) = -r**3 - r**2 + r - 1. Let b(y) = -5*y**2 - y + 2. Let v(s) = -b(s) - l(s). Let z be v(-5). Let j = z + -17. What is the units digit of j?
7
Let v be 1 + 1 + (2 - 4). Let p be (0*3/9)/(-1). Suppose v*h + 5*h - 40 = p. What is the units digit of h?
8
Suppose -1086 = -y - 5*y. What is the units digit of y?
1
Suppose 4*m - 6*m - 44 = 0. Let d = 53 + m. What is the units digit of d?
1
Suppose 0 + 4 = 2*h. Suppose 22 = 4*j - 8*j + h*c, 0 = 3*c + 15. Let m = -3 - j. What is the units digit of m?
5
Suppose -3*d = -5*r + 493, -3*r - 177 = -5*d - 460. What is the units digit of r?
1
Suppose 4*o = 6*o - 4, 5*n - 5*o = 90. What is the units digit of n?
0
Let n be 21/15 - 2/5. Suppose -r + 3 = n. Suppose -r*v + 6 = -12. What is the units digit of v?
9
Let w = 7 + -7. Suppose 0*y + y - 40 = w. What is the tens digit of y?
4
Suppose 9 = 2*j + j. Suppose 1 + j = 4*b. What is the units digit of b?
1
Suppose r + 3*r - 84 = 0. Let p be -2*(2 + r/(-6)). Suppose 0 = -g + p*q + 10, -4 = 4*q. What is the units digit of g?
7
Let v = -166 + 248. What is the units digit of v?
2
Let a(o) = o**3 + 2*o**2 - 2*o + 3. Let j be a(-3). Suppose j = -6*d + d + 40. What is the units digit of -1 + d - (-2 - -4)?
5
Suppose 0 = -v + 1, -5*v + 645 = 3*c + 2*c. What is the tens digit of c?
2
Suppose -5*s - 307 = -782. What is the tens digit of s?
9
Let i = -7 - -11. What is the units